e remainder when 4 is divided by m?
1
Let k(j) = 7*j**2 - 4*j + 12. Calculate the remainder when k(5) is divided by 17.
14
Let y(z) = 2*z**3 + 2*z**2 - 2*z + 3. Let x be (4/3)/((-4)/(-6)). What is the remainder when y(x) is divided by 6/9 + (-68)/(-6)?
11
Suppose 5*r + 25 = 90. Let a = -14 + 52. Calculate the remainder when a is divided by r.
12
Let y = 13 + 9. What is the remainder when y is divided by 12?
10
Let d = 28 - 22. Calculate the remainder when 20 is divided by d.
2
Let y(u) = u**3 + 11*u**2 - 2*u - 16. Let c be y(-11). Suppose -6*d = -4*d - c. What is the remainder when 5 is divided by d?
2
Let n(g) be the first derivative of -g**3/3 - g**2 + 1. Let z be n(-1). Let f = z + 10. What is the remainder when f is divided by 6?
5
Suppose 4*q - 21 - 31 = 0. Suppose 17 + q = 2*i. Calculate the remainder when 27 is divided by i.
12
Let s = 153 + -103. What is the remainder when 97 is divided by s?
47
Suppose -4*d + 18 = 5*r, -r = -2*d - 3 - 9. Calculate the remainder when r is divided by 5.
1
Let u = 25 + -22. What is the remainder when 53 is divided by (-9 + 2)/(u/(-6))?
11
Let j be (-25)/(-10)*(1 - -1). Suppose y - 3*f = 8, -2*y + 21 - 6 = -j*f. Suppose 0*u + 185 = y*u. Calculate the remainder when u is divided by 10.
7
What is the remainder when (290/(-25))/(4/(-20)) is divided by 20?
18
Let v be (-1)/(3/27*3). Calculate the remainder when 50 is divided by (v - -21) + -2 + 1.
16
Suppose -13*l - 12 = -15*l. Let h = 11 - 0. What is the remainder when h is divided by l?
5
Suppose -4*q = -3*q - 13. Calculate the remainder when q is divided by 4.
1
Let a = 149 + 138. What is the remainder when a is divided by 29?
26
Let x = -10 + 156. What is the remainder when x is divided by 37?
35
Let t = -5 + 15. Suppose 0 = -3*n - 2*m + 4*m - 4, -8 = -3*n - 4*m. Suppose -5*x = -n*x - 30. Calculate the remainder when t is divided by x.
4
Calculate the remainder when 2 is divided by 10/45 + (-7)/(-9).
0
Let u = -25 - -43. Calculate the remainder when 32 is divided by u.
14
Let u be 1*6/9*-3. Calculate the remainder when 44 is divided by 172/20 - u/5.
8
Let o(n) = -n**2 + 8*n - 5. Let y be o(6). Suppose -5*z + 2*d = -y, 5*z + 6*d = d + 35. What is the remainder when 5 is divided by z?
2
Calculate the remainder when 8*45/6 + 2 is divided by 16.
14
Let i = -38 + 42. What is the remainder when ((-18)/4 + -1)*-2 is divided by i?
3
Suppose 3*x - 58 + 4 = 0. Let p(t) = -2*t**2 + 46*t + 71. What is the remainder when p(23) is divided by x?
17
Suppose -10 = -5*l, -k + 28 = 3*l - 2*l. Calculate the remainder when 128 is divided by k.
24
Suppose 4 = -4*l - 3*w, 2*l + 5*w = -2 - 14. Suppose 2*f - 78 = -h, l*f = 3*f + 3*h - 29. What is the remainder when f is divided by 14?
13
Let a be (-6)/(-4) + 49/14. Suppose 3*s - 5*s = 4*g - 10, 2*s + 35 = a*g. Suppose -g*c = -275 + 95. Calculate the remainder when c is divided by 19.
17
Let m = -16 - -131. What is the remainder when m is divided by 29?
28
Suppose 4*n - 41 - 22 = -5*x, x = -n + 12. What is the remainder when 89 is divided by x?
14
Let l(m) = m**2 - 4*m - 4. What is the remainder when l(7) is divided by 9?
8
Let m = -56 + 97. Let w be m - 0 - 0/7. Suppose 5*q - 19 = w. What is the remainder when 34 is divided by q?
10
Suppose 2*m = 7*m - w - 67, -5*m = -2*w - 69. What is the remainder when 62 is divided by m?
10
Let j be 0 + (-4 + 0)/(-2). Let v(o) = 11*o - 2. Calculate the remainder when 37 is divided by v(j).
17
Calculate the remainder when ((-1)/3 + 14/(-21))*-95 is divided by 34.
27
Let t(s) = -3*s - 5. Let l = -100 + 148. Calculate the remainder when l is divided by t(-5).
8
Suppose -4*r + 17 = -0*a - a, 5*a = -5. Let q be (-8)/(-4) - -2*11. Suppose -r*g + q + 4 = 0. Calculate the remainder when 13 is divided by g.
6
Suppose -54 = -4*a + 82. Calculate the remainder when a is divided by 18.
16
Let n = 155 - 112. What is the remainder when 257 is divided by n?
42
Let z(j) = 7*j - j**3 + 7*j**2 - 5 - 12*j + 8*j. Calculate the remainder when z(6) is divided by 26.
23
Suppose 0 = 4*y - 2*x - 174, 0 = -0*x + 3*x + 15. Calculate the remainder when y is divided by 22/(5/(15/6)).
8
Suppose -3*v = 5*f - 316, v + 0*v + 122 = 2*f. What is the remainder when f is divided by 9?
8
Suppose -2*p = -3*p + 99. Calculate the remainder when p is divided by 25.
24
Suppose -6*n = -n + 135. Let y = 44 + n. What is the remainder when y is divided by 5?
2
Let n(v) = -7*v - 3. What is the remainder when 19 is divided by n(-1)?
3
Suppose 3*y = 4*o - 59, 0 = -3*y - o - 44 - 35. Let q = y - -35. What is the remainder when 26 is divided by q?
6
Suppose 5*a - 9 - 61 = 0. Let v(r) = -3*r - 1. Let x be v(-1). Calculate the remainder when x/3*123/2 is divided by a.
13
Let x = -173 - -189. What is the remainder when 43 is divided by x?
11
Suppose f + 4*f + 2*i = 100, 0 = 4*i + 20. Suppose -5*c + 6*c - 6 = 0. Calculate the remainder when f is divided by c.
4
Suppose 8*f + 85 = 13*f. What is the remainder when 82 is divided by f?
14
Let m(d) = 3*d - 10. Let c = 18 - 25. Let z = c - -14. What is the remainder when m(z) is divided by 4?
3
Suppose -4*t - 10 = -9*t. Suppose -g + m - 2*m = -5, -2*g = -t*m - 18. What is the remainder when g is divided by 4?
3
What is the remainder when 20 is divided by (-1 - -1 - -6) + 1?
6
Let s = 155 + -49. Calculate the remainder when s is divided by 27.
25
Let v(m) = 2*m**2 - 3*m + 4. Let a be v(4). Calculate the remainder when 202/6 + 8/a is divided by 12.
10
Let t(u) = u**2 + 10*u - 12. Calculate the remainder when 35 is divided by t(-12).
11
Let n(u) = 54*u - 3. Let v be n(2). Suppose v + 75 = 4*a. Calculate the remainder when a is divided by 1 + 5/((-20)/(-88)).
22
Suppose -3*i = -i - 54. Let l be (-400)/(-28) - (-4)/(-14). Let d = -4 + l. Calculate the remainder when i is divided by d.
7
Let n(u) = 3*u + 6. Let m be n(-4). Let a be (4/m)/((-6)/216). Let r = a - -3. Calculate the remainder when r is divided by 14.
13
Let u be (-1)/3 - (-678)/9. Suppose 0 = -5*o - 5*t + 415 - u, -200 = -3*o - 2*t. What is the remainder when o is divided by 22?
20
Let k be 90/25 + (-2)/(-5). Suppose -k*g + 20 = g. Suppose -n = -0*n - g. Calculate the remainder when 7 is divided by n.
3
Let d = 2 + 11. Let a = 5 + d. Let m = a - 7. Calculate the remainder when m is divided by 6.
5
Suppose r + 27 = 4*j, -4*r - 59 + 14 = 5*j. Let w = -11 - r. Let m(x) = -x**3 + 3*x**2 + 9*x + 7. What is the remainder when w is divided by m(5)?
0
Calculate the remainder when 11 is divided by (2 + -14)*(-6)/18.
3
Let k(u) = u. Let z be k(3). Suppose -z*j + 222 = 39. Calculate the remainder when j is divided by 16.
13
Calculate the remainder when 116 is divided by ((-16)/8)/((-8)/156).
38
Calculate the remainder when 92 is divided by (1 - 1 - -2)/((-86)/(-817)).
16
Suppose -5*r + 2*r = -3*c + 96, 4*r + 156 = 5*c. Calculate the remainder when c is divided by 5.
3
Suppose 64 = 4*w - 160. What is the remainder when w is divided by 15?
11
Suppose -4*x + 12 = 0, -4*y - 2*x + 31 = 3*x. Suppose -r - y*g = -12, -4*r + 3*r + 10 = 3*g. Calculate the remainder when 15 is divided by r.
3
Let n(d) = 7*d**3 - 3*d**2 + 3*d - 1. What is the remainder when 342 is divided by n(2)?
48
Suppose 5*r + 3 = 68. Let o(l) = l**2 - 2*l + 2. Calculate the remainder when o(8) is divided by r.
11
Let o(f) = 48*f**2 + f. Suppose -1 = i - 17. What is the remainder when o(-1) is divided by i?
15
Suppose 8*l - 6*l - 30 = 0. What is the remainder when 22 is divided by ((-10)/(-15))/(2/l)?
2
Let u(f) = f + 14. Calculate the remainder when u(-5) is divided by 4.
1
Suppose -2*h = 5*s - 0*h - 324, 0 = -3*s - 3*h + 189. Calculate the remainder when s is divided by 17.
15
Let s(y) = 26*y - 5. Calculate the remainder when s(2) is divided by 7.
5
Let p be (3 - 1)/(0 - -2). Suppose 9*m - 166 = 23. Calculate the remainder when (32 - p)*1*2 is divided by m.
20
Let z(u) = -u - 3 + u**2 + 0 - u. Let r be z(-2). Suppose 7 = 2*y + 3*b, 2 = -4*y + 5*b + r. What is the remainder when 2 is divided by y?
0
Suppose 41 - 6 = 5*g. What is the remainder when 12 is divided by g?
5
Let o = 1 - -2. Let r(j) = -1 - j**2 - 6*j**2 + 2*j**o - j**3 + 4*j**2 + 4*j. Calculate the remainder when r(4) is divided by 8.
7
Let v(j) = -11*j - 10. What is the remainder when v(-3) is divided by 12?
11
Let f(r) = -r**3 + 8*